e the greatest common factor of x and 1.
1
Let p(g) = 2*g**2 + g + 9. Let z be p(-5). Calculate the highest common divisor of 6 and z.
6
Let j = 6 - 5. Let t be (-1 - -4*j) + 13. Calculate the highest common factor of 128 and t.
16
Let a be 160/25 + (-6)/(-10). Let r(t) = -t**2 + 9*t + 10. Let s be r(a). What is the highest common factor of 3 and s?
3
Let n = -7 + 9. Let a be 1/((-1 + -1)/(-2)). Calculate the greatest common factor of n and a.
1
Let o be 14/(-35) + 3/(45/156). What is the greatest common factor of 5 and o?
5
Let a(x) = -8*x. Let p be a(-1). Calculate the greatest common factor of p and 72.
8
Let i be (1/2)/((-4)/(-56)). Suppose -i - 18 = -2*m - 3*y, -2*y = m - 14. Calculate the greatest common factor of m and 8.
8
Let w(u) = -7 - u**3 - 4*u**2 - u + 3*u**2 - 4*u**2. Let j be w(-5). Let x be j/(1/(6/(-4))). Calculate the highest common factor of x and 21.
3
Suppose -5*a = 5*j - 120, -4*a + 80 = 4*j - 8*j. What is the highest common factor of a and 22?
22
Suppose 0 = -b - 4*b + 110. Let o = -15 + b. Let t(j) = -j**2 + 7*j + 4. Let m be t(o). What is the greatest common factor of m and 10?
2
Let c(w) = -6*w + 1. Let d be c(-2). Suppose -6*i - 11*i = -221. What is the greatest common factor of i and d?
13
Let n be (1 + 0)*(4 + 0)*21. Calculate the highest common divisor of n and 28.
28
Let t = 12 - 7. Suppose -a + 2 = t, h = -4*a - 12. Let d be 4/(-10)*(-15 - h). Calculate the greatest common factor of 2 and d.
2
Let p be -1*5*104/(-10). Suppose -4*j = 3*l - p, -4*l + 28 = 4*j - 28. Let r be ((-5)/4 - -2)*20. Calculate the highest common divisor of r and j.
5
Let u = 39 + 6. Let g = -20 + u. What is the highest common divisor of 10 and g?
5
Let d(a) = 2*a - 2. Let g be d(2). Let z(j) = -j**3 + j**2 + 2*j. Let b be z(-2). Suppose l - b = 8. Calculate the greatest common factor of g and l.
2
Let q(a) = 46*a - 4. Let l be q(2). Calculate the highest common factor of l and 11.
11
Suppose -19 + 71 = 4*j. Suppose 7*b - 384 - 344 = 0. Calculate the greatest common factor of b and j.
13
Let o(c) = c**2 - 17*c + 8. Let d be o(17). What is the greatest common divisor of 56 and d?
8
Let z(y) = -4*y**3 - 5*y**2 - 5*y - 3. Let p be z(-3). What is the highest common divisor of p and 45?
15
Let y be ((-48)/(-10))/(12/30). Calculate the highest common factor of 48 and y.
12
Suppose 12 = 2*b + 2*b. Suppose b*w = 6*w - 30. What is the highest common divisor of 25 and w?
5
Suppose -44 = -f + 5*u + 24, -5*f - u + 210 = 0. Calculate the greatest common divisor of 43 and f.
43
Suppose -t = -4*t + 15. Suppose 0*f - 17 = -d - 2*f, -t*d + 4*f + 15 = 0. What is the highest common divisor of d and 7?
7
Let s be ((-16)/(-4) - -32) + -3. Calculate the highest common factor of 165 and s.
33
Let c(b) = 4*b + 5. Let u be c(4). Let j = 1 + 2. Suppose 2*w = 3*w - j. Calculate the greatest common factor of w and u.
3
Let x = 1 + 4. Suppose x*z - r - 16 - 148 = 0, 5*z = 4*r + 161. Calculate the greatest common factor of z and 11.
11
Suppose 5*u - 129 = 106. Calculate the highest common factor of u and 470.
47
Let u(b) = b + 4. Let c be u(-6). Let y(n) = -1 + 0*n + 5*n**2 - n + 6*n - 3*n. Let s be y(c). What is the greatest common divisor of s and 45?
15
Let h(s) = 1. Let t(n) = -2*n + 2. Let w(i) = -2*h(i) + t(i). Let b be w(-3). Suppose d + 10 = b*d. Calculate the highest common divisor of d and 5.
1
Suppose 5*m - 51 = 44. Let p = -13 + m. Suppose -85 = -5*i + 125. What is the highest common divisor of p and i?
6
Suppose -2*y = -j - 35, -y - 2*j = -4*y + 52. What is the highest common factor of y and 27?
9
Let s(p) = -3*p**3 - 5*p**2 + 13*p + 4. Let h be s(-5). Calculate the greatest common divisor of h and 21.
21
Let d be 4/(-6) + 35/3. Let h be 3/6*0 - -1. Let s be -2*h - (-92 + -9). What is the highest common divisor of s and d?
11
Suppose 3*u = -4*o + 60, o + u = -2*o + 40. Let g be o - -6 - 2/2. Suppose -5*k + 400 = -195. What is the highest common divisor of k and g?
17
Let a(z) = z**3 + 6*z**2 - 7*z. Let s be a(-7). Suppose s*m + 4*m - 68 = 0. What is the greatest common divisor of 34 and m?
17
Let o = 462 - 308. Calculate the greatest common factor of 22 and o.
22
Let l(w) = w**3 - 6*w**2 + 9*w - 5. Let s be l(6). Let m(c) = c**3 - 6*c**2 - 6*c. Let h be m(7). Calculate the highest common factor of h and s.
7
Let m(o) = -7*o. Let x be m(-1). Suppose -3*k - 2*k = -90. Let j = 81 - k. Calculate the highest common factor of x and j.
7
Let g = 22 + -14. Let b be (21/(-3))/((-3)/15). Let l = b + 21. What is the highest common divisor of g and l?
8
Suppose 0*l + l + 31 = 3*y, 0 = -4*y + l + 42. Calculate the greatest common divisor of y and 11.
11
Let z be 362/6 + (-4)/12. Let g = z - 39. Let k(t) = 2*t**2 - t. Let b be k(-1). Calculate the greatest common factor of g and b.
3
Let j(b) = -5*b - 4. Let g be j(-7). Suppose 1 = -5*o + g. Let f = -14 - -44. What is the highest common divisor of o and f?
6
Suppose 0*v - 12 = -5*v - 2*l, 0 = -v - l + 3. Let z be (v/4)/((-12)/(-72)). Let k be (2/(-4))/((-2)/4). What is the highest common divisor of k and z?
1
Let y(r) = 30 - 3*r - 3*r + 4*r + r. Let a be y(0). What is the highest common factor of 6 and a?
6
Let k(b) = 2*b + 10*b - b**2 - 7*b + 6 + 2*b. Let g be k(7). Calculate the greatest common factor of 6 and g.
6
Suppose 5*i + 29 = -r + 136, -2*r = 6. What is the highest common factor of 198 and i?
22
Suppose f + v = 745, -3*v - 2250 = -3*f - v. Calculate the greatest common divisor of f and 68.
68
Let n be 4/(-1)*-1*2. Suppose -16 - n = -3*f. Suppose f + 8 = 2*p. What is the highest common divisor of 24 and p?
8
Let d(q) = 2*q**2 + 3*q - 4. Let v be d(-6). Suppose j - 3*t - 19 = 0, -5*t + t = 5*j - 38. What is the greatest common divisor of j and v?
10
Suppose 5*r = -2*w - 442, w + 0*r + 223 = -3*r. Let x be w/(-2) + (-2)/4. What is the greatest common factor of x and 21?
21
Suppose -4*c + 757 + 139 = 0. Calculate the highest common divisor of 56 and c.
56
Let v = 143 + -8. Suppose 2*g + v + 23 = 2*d, 2*d - 150 = -2*g. Let i = -2 + 9. Calculate the greatest common factor of d and i.
7
Let a be (-10)/(-4) + (-2)/4. Suppose 0*b = 4*s + b - 317, -2*s + 166 = -2*b. Suppose -2*x - a*x + s = 0. Calculate the highest common divisor of x and 220.
20
Suppose 0 = -3*t - 23 + 86. Calculate the highest common factor of 3 and t.
3
Let r be 2 - (-944)/4 - -4. Calculate the highest common factor of r and 22.
22
Suppose -5*f + 39 = -a - 36, 24 = f - 2*a. Calculate the greatest common factor of 35 and f.
7
Let x = -10 - -17. What is the greatest common factor of 49 and x?
7
Suppose 5*k - 4*k = 77. Calculate the greatest common factor of k and 11.
11
Let q = 2 - -2. Suppose 0 = -5*d - 2*n + 40, q*d - 4*n = -0*d + 32. Let m be (5 - d)/((-3)/32). Calculate the highest common divisor of 4 and m.
4
Let m be (2 + -77)*(-2 - -5 - 4). What is the greatest common divisor of 125 and m?
25
Let w be (3 - 3) + -1 + 141. Calculate the highest common divisor of 20 and w.
20
Let h(k) be the first derivative of -k**3/3 + k**2/2 + 24*k + 4. Let l be h(0). Calculate the highest common factor of l and 12.
12
Suppose -o + 2*f + 14 = 7*f, -5*o - 4*f + 49 = 0. Let t be o/6*(-24)/(-9). Let d = t + -1. Calculate the highest common divisor of 33 and d.
3
Let l be -32*((-3)/1 - 10/(-4)). What is the highest common factor of 8 and l?
8
Let k(r) = -r - 9. Let l be k(0). Suppose -v - 6 = -3*f, 3*v + v + 6 = 3*f. Let s be (-74)/(-9) + f/l. Calculate the highest common factor of 32 and s.
8
Suppose 3 = 3*y - 4*j - 249, j = -3. Suppose -y + 12 = -4*x. Calculate the greatest common divisor of 68 and x.
17
Let s(i) = -37*i - 5. Let a be s(-11). Suppose -a = -2*u - 22. Calculate the greatest common divisor of u and 19.
19
Let t be 37/7 - 6/21. Let h be (-5)/t - 8/(-1). Let p(s) = s**3 - 11*s**2 + 10*s + 1. Let v be p(10). What is the highest common factor of v and h?
1
Let j = 3 - -1. Suppose -j*f = -f - 96. Calculate the greatest common divisor of 8 and f.
8
Let o = -72 + 83. Suppose 0 = 3*t - 4 - 2. Suppose 2*n - 176 = -t*n. What is the highest common divisor of o and n?
11
Let z = 0 - 1. Let v(j) = j - 1. Let k(t) = -2*t + 12. Let n(a) = z*k(a) - 12*v(a). Let d be n(-1). Calculate the highest common factor of 2 and d.
2
Let x be 3/(2/(64/3)). Suppose -3*j = 4